s divided by b?
5
Let d = 92 - 54. Let s = 32 - 12. What is the remainder when d is divided by s?
18
Suppose 5*o + 31*s = 27*s + 103, 5*o + s = 97. What is the remainder when (-281)/(-3) - 6/9 is divided by o?
17
Let l(j) = -j**3 - 6*j**2 - 5*j + 2. Let b be l(-5). Let q = b + 9. What is the remainder when (-8)/28 + (-568)/(-28) is divided by q?
9
Let p(t) = -t**3 + 10*t**2 + 43*t - 47. What is the remainder when 18 is divided by p(13)?
3
Suppose -5*r + 2*u - 5*u = -18, 2*r + u = 7. What is the remainder when (321/(-12))/(r/(-12)) is divided by 27?
26
Suppose 10*u = 5*u + 380. What is the remainder when u is divided by 31?
14
Suppose -4*p - 3*l + 57 = -p, 0 = -2*p + 5*l + 38. Let b(u) = u**2 + 8*u - 678. What is the remainder when b(-32) is divided by p?
14
Let n(h) = 3*h**2 - 23*h + 114. What is the remainder when 409 is divided by n(4)?
59
Let i = -34 - -36. Suppose t + z - 2 - 2 = 0, -i*t = -2*z - 20. What is the remainder when t is divided by 5?
2
Let w(l) = -7 - 2*l**2 - 1 + 7*l + 5 + 3*l. Let g be w(4). Suppose -5*t - 3*f = 2*f - 110, 0 = g*t + f - 114. What is the remainder when 67 is divided by t?
21
Let t(a) = 10*a**2 - 53*a - 1. Let g = -84 - -206. What is the remainder when g is divided by t(6)?
40
Let s(o) = -o**3 + o**2 + o + 9. Let q(m) = 8*m - 4. Let h be q(2). Suppose 67*n + h = 71*n. Calculate the remainder when s(0) is divided by n.
0
Suppose 0 = 5*k + 3*o + 14, 5*k + 8 = 2*o - 3*o. Calculate the remainder when 2 is divided by k/(-3)*-1*(4 - 7).
0
Suppose 3*s + 33 = 14*s. Suppose -64 = -7*g + s*g. What is the remainder when 191 is divided by g?
15
Let q be (-60)/(-33) + 4/22. Suppose -a + 37 = 5*b - q*b, -2*b + a + 23 = 0. What is the remainder when b is divided by 5?
2
Suppose 2*w = -3*w + 130. Suppose 5*n = 4*n + 2. Suppose 0 = 3*x + 4*f - 21, 0 = -n*x - x + 3*f + 21. What is the remainder when w is divided by x?
5
Suppose 0 = 3*z + z - 308. Let j(r) = 2*r**3 - 19*r**2 + 14*r - 19. Calculate the remainder when z is divided by j(9).
25
Let o(r) = r**2 + 4*r - 19. Let x be o(-7). Suppose -4*a + 24 = p, p + x*a = 5*p - 96. Calculate the remainder when p is divided by 9.
6
Suppose z = 2*p - 113, -5*z = 3*p - 10*z - 166. Calculate the remainder when 157 is divided by p.
43
Let c(l) = -l**2 - 17*l + 17. What is the remainder when 543 is divided by c(-17)?
16
Let v(r) = -1 + 12*r**2 + r**3 + 27*r + 25*r - 33*r. Calculate the remainder when 25 is divided by v(-10).
7
Let q(l) = l**2 + 6*l - 5. Let o be q(-7). Let y be (3 + o)*5 - -1. Let r = y - 21. What is the remainder when 8 is divided by r?
3
Suppose 2*t - 15 = -t. Let c = 1865 + -1848. Calculate the remainder when c is divided by t.
2
Suppose 5*m - 131 = -4*g, 342*m - 344*m + g = -55. Calculate the remainder when 429 is divided by m.
24
Let s = -2573 + 2689. Calculate the remainder when s is divided by 25.
16
Suppose 5*h + 2 = -3*l + 4, 2*l - 2 = -3*h. Let i(k) = -k**3 + 7*k**2 + 2*k - 9. What is the remainder when i(l) is divided by 17?
13
Suppose -5*a + 115 = 30. Let m = 1 + -20. Let w = -15 - m. What is the remainder when a is divided by w?
1
Let f = 19 - -55. Suppose 5*n - 63 = -2*d + 22, 29 = n - 2*d. What is the remainder when f is divided by n?
17
Suppose 40 = 5*c + 3*l, 2*c = 4*l + 3 + 39. Calculate the remainder when 27 is divided by c.
5
Suppose 0 = -4*o + 7*k - 2*k + 60, 4*o = -2*k + 60. Suppose -9 = 5*r - 2*l, 2*l - 3 = 1. Let n = o + r. What is the remainder when n is divided by 4?
2
Let u = -2321 - -2357. Let z = 227 + -120. Calculate the remainder when z is divided by u.
35
Suppose -3*r = 13 + 50. Let v = -2 - r. What is the remainder when v is divided by 11?
8
Let h = -384 - -542. Calculate the remainder when h is divided by 82.
76
Suppose -4*m = t - 2808, 99 = 4*t + 83. Calculate the remainder when m is divided by 39.
38
Calculate the remainder when (49 + -43)/((-4)/(-10)) is divided by 11.
4
Suppose -4*k + 3*y + 2*y + 35 = 0, -4*k = 5*y - 5. Suppose k*u = -15, -216 = -5*t + 5*u + 124. What is the remainder when t is divided by 17?
14
Suppose -5*w + 6*w = -q + 28, 5*w - 148 = -q. What is the remainder when 139 is divided by w?
19
Suppose -k + 3*w + 57 = 0, 7 = -w + 3. Calculate the remainder when 87 is divided by k.
42
Suppose b + 3*y - 13 = 2*y, -69 = -5*b - 3*y. What is the remainder when 87 is divided by b?
12
Let b(d) = 2*d**2 - 15*d + 99. What is the remainder when b(5) is divided by 15?
14
Let p = -45 + 82. Suppose 2*k + 0*l + 58 = 5*l, l = -3*k - 53. Let a = p + k. What is the remainder when 52 is divided by a?
16
Suppose f = -2*f + 15. Suppose -43*l = -68*l + 550. What is the remainder when l is divided by f?
2
Let n(m) = m**3 - 21*m**2 + 16*m - 7. Let r be n(20). Let h = r - -210. Calculate the remainder when h is divided by 31.
30
Suppose -683 = -49*a + 48*a. What is the remainder when a is divided by 76?
75
Suppose -13*r = -91 - 65. Calculate the remainder when 117 is divided by r.
9
Let s(p) be the first derivative of -p**2/2 + p + 7. What is the remainder when 10 is divided by s(-2)?
1
Let h = 22 - -58. Let k(w) = -148*w - 867. What is the remainder when h is divided by k(-6)?
17
Let y(s) = -3*s**3 - 8*s**2 - 6*s + 2. What is the remainder when 449 is divided by y(-3)?
14
Let c = 7 + -7. Suppose 2*f - o - 39 = c, -f + 12 = -6*o + 3*o. What is the remainder when 39 is divided by f?
18
Let o(s) = 29*s + 16. What is the remainder when o(7) is divided by 44?
43
Calculate the remainder when 258 is divided by ((-52)/(-8) + -6)*(-72)/(-4).
6
Let o = -5 - -33. Suppose 0*l + 2*l = o. Calculate the remainder when l is divided by 4.
2
What is the remainder when 21/(18*10/1860) is divided by 36?
1
Suppose -221 = -4*t + 283. Calculate the remainder when (6/(-4))/((-12)/(-16)) + t is divided by 14.
12
What is the remainder when -3*(3 - (-791)/(-21)) - -1 is divided by 40?
25
What is the remainder when 88 is divided by -4 - 55/(-5) - -8?
13
What is the remainder when ((-208)/(-10))/(0 - (-20)/50) is divided by 52?
0
Let u(d) = 9*d - 6. Let z be u(4). Let r = z - 23. Calculate the remainder when r - -2*1/2 is divided by 3.
2
Suppose 550 = 22*y - 154. Calculate the remainder when y is divided by 2.
0
Let c(v) = -11*v - 53. Let x(d) = 12*d**3 - 2*d**2 + 4*d - 3. Calculate the remainder when x(2) is divided by c(-7).
21
Let f(t) = -t**3 - 5*t**2 - 14*t - 7. Calculate the remainder when 96 is divided by f(-4).
30
Suppose 3*q - 2*q + 3*m - 65 = 0, -4*q + 196 = -4*m. Let k = -29 + q. Calculate the remainder when 95 is divided by k.
23
Let c(l) = -10*l + 82. What is the remainder when 28 is divided by c(6)?
6
Suppose -4*n = 22 + 118. Let j = -23 - n. What is the remainder when 21 is divided by j?
9
Suppose -26*u = -35*u + 3654. What is the remainder when u is divided by 68?
66
Suppose 60*d - 61*d = -5. Calculate the remainder when 5 is divided by d.
0
Suppose 3*d + 0*d = -4*h + 2, -2*d = 3*h - 2. Suppose n + 4*p + 7 = 0, 3 = h*n - p - 28. What is the remainder when n is divided by 3?
1
Let a(k) be the first derivative of -2*k**2 - 46*k + 3. Suppose -3*r + 6*r = 3*o + 39, 5*o + 54 = 4*r. What is the remainder when a(-19) is divided by r?
8
Suppose -863 = -7*l - 667. Calculate the remainder when 161 is divided by l.
21
Let u(i) = i**3 + 15*i**2 + 8*i + 33. What is the remainder when u(-14) is divided by 32?
21
Suppose 277 = -3*v - 95. Let f = 132 + v. What is the remainder when 22 is divided by f?
6
Suppose -3*p + 29 = -28. What is the remainder when p is divided by ((-5)/(-5))/((-2)/(-20))?
9
Suppose -12*d + 30 = -6*d. Suppose 4*z - 2*n - 98 = 0, -d*z = -0*n - 4*n - 121. Calculate the remainder when 74 is divided by z.
24
Suppose -5*s + 220 = 5*b, -7 = 4*s - 19. What is the remainder when b is divided by 21?
20
Let b(w) = 20*w - 121. Calculate the remainder when b(10) is divided by ((-5)/(-4))/((-4)/(-64)).
19
What is the remainder when 64 is divided by (5 - 219/45) + (-3944)/(-120)?
31
Let i = -93 - -6. Let m = i - -95. Calculate the remainder when m is divided by 5.
3
Let x(b) = -b**3 + 5*b**2 + 8*b + 3. Suppose 4*u = 3*u - 133. Let m = -91 - u. What is the remainder when m is divided by x(6)?
12
Suppose -s = -c, 3*c + 0*c - 8 = s. What is the remainder when 8 is divided by c?
0
Suppose -3*q = 5*v - 0*q - 46, -5*v + 67 = -4*q. Let z = 1 - -14. Let s(c) = c**3 - 14